{"id":1033,"date":"2026-01-25T20:17:20","date_gmt":"2026-01-25T20:17:20","guid":{"rendered":"https:\/\/fasnachtbrugg.ch\/fasnachtbrugg\/?page_id=1033"},"modified":"2026-02-01T09:17:42","modified_gmt":"2026-02-01T09:17:42","slug":"programm-2026","status":"publish","type":"page","link":"https:\/\/fasnachtbrugg.ch\/fasnachtbrugg\/programm-2026\/","title":{"rendered":"Programm 2026"},"content":{"rendered":"\n<h3 class=\"wp-block-heading\">Freitag &#8211; 20. Februar 2026<\/h3>\n\n\n\n<ul class=\"wp-block-list\">\n<li><mark style=\"background-color:rgba(0, 0, 0, 0)\" class=\"has-inline-color has-colibri-color-6-color\">ab 19:00 Uhr: <strong>Rr\u00e4tz Keller<\/strong><\/mark><br><mark style=\"background-color:rgba(0, 0, 0, 0)\" class=\"has-inline-color has-colibri-color-6-color\"><strong>S&#8217;Lat\u00e4rnli<\/strong>, Annerstrasse 9<\/mark><\/li>\n\n\n\n<li><mark style=\"background-color:rgba(0, 0, 0, 0)\" class=\"has-inline-color has-colibri-color-6-color\">ab 19:00 Uhr: <strong>Salzhausguggete<\/strong> &#8211; T\u00fcr\u00f6ffnung: 18 Uhr<br>Guggenauftritte, <strong>DJ Broken Nose<\/strong>, Foodtruck und Getr\u00e4nkebar<br>im Salzhaus (Schulthess-Allee)<\/mark><br><mark style=\"background-color:rgba(0, 0, 0, 0)\" class=\"has-inline-color has-colibri-color-6-color\">bis 02:00 Uhr<\/mark><\/li>\n<\/ul>\n\n\n\n<h3 class=\"wp-block-heading\">Samstag &#8211; 21. Februar 2026<\/h3>\n\n\n\n<ul class=\"wp-block-list\">\n<li><mark style=\"background-color:rgba(0, 0, 0, 0)\" class=\"has-inline-color has-colibri-color-6-color\">ab 13:00 Uhr: <strong>Fasnacht f\u00fcr Kinder<\/strong> im Salzhaus<br>mit <strong>DJ Sunny<\/strong>, 13.30 Uhr Gugge: <strong>Opus C Voll<\/strong><br>Im Salzhaus (Schulthess-Allee)<\/mark><br><mark style=\"background-color:rgba(0, 0, 0, 0)\" class=\"has-inline-color has-colibri-color-6-color\">bis 16:30 Uhr<\/mark><\/li>\n\n\n\n<li><mark style=\"background-color:rgba(0, 0, 0, 0)\" class=\"has-inline-color has-colibri-color-6-color\">ab 13:30 Uhr: <strong>Rr\u00e4tz Keller<\/strong><\/mark><br><mark style=\"background-color:rgba(0, 0, 0, 0)\" class=\"has-inline-color has-colibri-color-6-color\"><strong>S&#8217;Lat\u00e4rnli<\/strong>, Annerstrasse 9<\/mark><\/li>\n<\/ul>\n\n\n\n<h3 class=\"wp-block-heading\">Sonntag &#8211; 22. Februar 2026<\/h3>\n\n\n\n<ul class=\"wp-block-list\">\n<li><mark style=\"background-color:rgba(0, 0, 0, 0)\" class=\"has-inline-color has-colibri-color-6-color\">ab 12:00 Uhr: <strong>Guggenkonzerte<\/strong> , St\u00e4nde und Beizli, G\u00f6nner Ap\u00e9ro<\/mark><\/li>\n\n\n\n<li><mark style=\"background-color:rgba(0, 0, 0, 0)\" class=\"has-inline-color has-colibri-color-6-color\"><strong>ab 13:57 Uhr: Fasnachtsumzug Brugg<\/strong> &#8211; <\/mark><a href=\"https:\/\/fasnachtbrugg.ch\/fasnachtbrugg\/umzugsprogramm-2026\/\">Umzugsprogramm 2026<\/a><mark style=\"background-color:rgba(0, 0, 0, 0)\" class=\"has-inline-color has-colibri-color-6-color\"><br>Rangverlesen beim Jurywagen ist um 17 Uhr<\/mark><\/li>\n\n\n\n<li><mark style=\"background-color:rgba(0, 0, 0, 0)\" class=\"has-inline-color has-colibri-color-6-color\">nach dem Umzug: <strong>Fasnachtsausklang<\/strong> im Salzhaus, Festwirtschaft, Guggen<br>im Salzhaus (Schulthess-Allee)<\/mark><\/li>\n\n\n\n<li><mark style=\"background-color:rgba(0, 0, 0, 0)\" class=\"has-inline-color has-colibri-color-6-color\">nach dem Umzug: <strong>Rr\u00e4tz Keller<\/strong><\/mark><br><mark style=\"background-color:rgba(0, 0, 0, 0)\" class=\"has-inline-color has-colibri-color-6-color\"><strong>S&#8217;Lat\u00e4rnli<\/strong>, Annerstrasse 9<\/mark><\/li>\n<\/ul>\n","protected":false},"excerpt":{"rendered":"<p>Freitag &#8211; 20. Februar 2026 Samstag &#8211; 21. Februar 2026 Sonntag &#8211; 22. Februar 2026<\/p>\n","protected":false},"author":1,"featured_media":0,"parent":0,"menu_order":0,"comment_status":"closed","ping_status":"closed","template":"","meta":{"ngg_post_thumbnail":0,"footnotes":""},"class_list":["post-1033","page","type-page","status-publish","hentry"],"_links":{"self":[{"href":"https:\/\/fasnachtbrugg.ch\/fasnachtbrugg\/wp-json\/wp\/v2\/pages\/1033","targetHints":{"allow":["GET"]}}],"collection":[{"href":"https:\/\/fasnachtbrugg.ch\/fasnachtbrugg\/wp-json\/wp\/v2\/pages"}],"about":[{"href":"https:\/\/fasnachtbrugg.ch\/fasnachtbrugg\/wp-json\/wp\/v2\/types\/page"}],"author":[{"embeddable":true,"href":"https:\/\/fasnachtbrugg.ch\/fasnachtbrugg\/wp-json\/wp\/v2\/users\/1"}],"replies":[{"embeddable":true,"href":"https:\/\/fasnachtbrugg.ch\/fasnachtbrugg\/wp-json\/wp\/v2\/comments?post=1033"}],"version-history":[{"count":9,"href":"https:\/\/fasnachtbrugg.ch\/fasnachtbrugg\/wp-json\/wp\/v2\/pages\/1033\/revisions"}],"predecessor-version":[{"id":1220,"href":"https:\/\/fasnachtbrugg.ch\/fasnachtbrugg\/wp-json\/wp\/v2\/pages\/1033\/revisions\/1220"}],"wp:attachment":[{"href":"https:\/\/fasnachtbrugg.ch\/fasnachtbrugg\/wp-json\/wp\/v2\/media?parent=1033"}],"curies":[{"name":"wp","href":"https:\/\/api.w.org\/{rel}","templated":true}]}}

<h3 class="wp-block-heading">Freitag &#8211; 20. Februar 2026</h3>



<ul class="wp-block-list">
<li><mark style="background-color:rgba(0, 0, 0, 0)" class="has-inline-color has-colibri-color-6-color">ab 19:00 Uhr: <strong>Rrätz Keller</strong></mark><br><mark style="background-color:rgba(0, 0, 0, 0)" class="has-inline-color has-colibri-color-6-color"><strong>S&#8217;Latärnli</strong>, Annerstrasse 9</mark></li>



<li><mark style="background-color:rgba(0, 0, 0, 0)" class="has-inline-color has-colibri-color-6-color">ab 19:00 Uhr: <strong>Salzhausguggete</strong> &#8211; Türöffnung: 18 Uhr<br>Guggenauftritte, <strong>DJ Broken Nose</strong>, Foodtruck und Getränkebar<br>im Salzhaus (Schulthess-Allee)</mark><br><mark style="background-color:rgba(0, 0, 0, 0)" class="has-inline-color has-colibri-color-6-color">bis 02:00 Uhr</mark></li>
</ul>



<h3 class="wp-block-heading">Samstag &#8211; 21. Februar 2026</h3>



<ul class="wp-block-list">
<li><mark style="background-color:rgba(0, 0, 0, 0)" class="has-inline-color has-colibri-color-6-color">ab 13:00 Uhr: <strong>Fasnacht für Kinder</strong> im Salzhaus<br>mit <strong>DJ Sunny</strong>, 13.30 Uhr Gugge: <strong>Opus C Voll</strong><br>Im Salzhaus (Schulthess-Allee)</mark><br><mark style="background-color:rgba(0, 0, 0, 0)" class="has-inline-color has-colibri-color-6-color">bis 16:30 Uhr</mark></li>



<li><mark style="background-color:rgba(0, 0, 0, 0)" class="has-inline-color has-colibri-color-6-color">ab 13:30 Uhr: <strong>Rrätz Keller</strong></mark><br><mark style="background-color:rgba(0, 0, 0, 0)" class="has-inline-color has-colibri-color-6-color"><strong>S&#8217;Latärnli</strong>, Annerstrasse 9</mark></li>
</ul>



<h3 class="wp-block-heading">Sonntag &#8211; 22. Februar 2026</h3>



<ul class="wp-block-list">
<li><mark style="background-color:rgba(0, 0, 0, 0)" class="has-inline-color has-colibri-color-6-color">ab 12:00 Uhr: <strong>Guggenkonzerte</strong> , Stände und Beizli, Gönner Apéro</mark></li>



<li><mark style="background-color:rgba(0, 0, 0, 0)" class="has-inline-color has-colibri-color-6-color"><strong>ab 13:57 Uhr: Fasnachtsumzug Brugg</strong> &#8211; </mark><a href="https://fasnachtbrugg.ch/fasnachtbrugg/umzugsprogramm-2026/">Umzugsprogramm 2026</a><mark style="background-color:rgba(0, 0, 0, 0)" class="has-inline-color has-colibri-color-6-color"><br>Rangverlesen beim Jurywagen ist um 17 Uhr</mark></li>



<li><mark style="background-color:rgba(0, 0, 0, 0)" class="has-inline-color has-colibri-color-6-color">nach dem Umzug: <strong>Fasnachtsausklang</strong> im Salzhaus, Festwirtschaft, Guggen<br>im Salzhaus (Schulthess-Allee)</mark></li>



<li><mark style="background-color:rgba(0, 0, 0, 0)" class="has-inline-color has-colibri-color-6-color">nach dem Umzug: <strong>Rrätz Keller</strong></mark><br><mark style="background-color:rgba(0, 0, 0, 0)" class="has-inline-color has-colibri-color-6-color"><strong>S&#8217;Latärnli</strong>, Annerstrasse 9</mark></li>
</ul>
