{"id":1050,"date":"2026-01-25T20:40:22","date_gmt":"2026-01-25T20:40:22","guid":{"rendered":"https:\/\/fasnachtbrugg.ch\/fasnachtbrugg\/?page_id=1050"},"modified":"2026-02-01T09:13:38","modified_gmt":"2026-02-01T09:13:38","slug":"bedingungen-fuer-die-teilnahme-am-umzug-in-brugg-2026","status":"publish","type":"page","link":"https:\/\/fasnachtbrugg.ch\/fasnachtbrugg\/bedingungen-fuer-die-teilnahme-am-umzug-in-brugg-2026\/","title":{"rendered":"Bedingungen f\u00fcr die Teilnahme am Umzug in Brugg 2026"},"content":{"rendered":"\n<p>Bevorzugt werden Gruppen\/Wagen die die Zuschauer in Ihre Aktivit\u00e4ten mit einbeziehen oder mit ihnen etwas produzieren und somit Bewegung in die Zuschauerreihen bringen.<\/p>\n\n\n\n<p>Bei den Guggen werden diejenigen bevorzugt die bereit sind vor und nach dem Umzug in der Stadt Brugg aufzutreten und zwischen 12.00 Uhr und 18.00 Uhr f\u00fcr Stimmung und Unterhaltung sorgen. (das St\u00e4dtchen mit Leben bereichern und somit akustisch und visuell bleibende Glanzpunkte setzen.)<\/p>\n\n\n\n<p>Fahrzeuge \/ Wagen haben auf beiden Seiten Aufsichts-Begleitpersonen dabei, die <strong>nur<\/strong> f\u00fcr die Sicherheit zust\u00e4ndig sind. Das Auf- und Absteigen von Personen (beim Traktor) w\u00e4hrend der Fahrt ist verboten!!!!<\/p>\n\n\n\n<p>Fahrzeugf\u00fchrer d\u00fcrfen keinen Alkohol oder Drogen vor und w\u00e4hrend dem Umzug konsumieren.<\/p>\n\n\n\n<p>Alle Termine betr. Anmeldung m\u00fcssen eingehalten werden. Andernfalls behalten wir uns vor, die Teilnahme am Umzug in Brugg zu sistieren.<\/p>\n\n\n\n<p class=\"has-background\" style=\"background:linear-gradient(135deg,rgb(227,220,209) 0%,rgb(229,177,57) 100%)\"><strong>Eine Kopie des <a href=\"https:\/\/www.ag.ch\/app\/aem\/forms\/getForm?form=4822cce1d3be9c99418d44bf35d3c9c4&amp;mode=prod\">Pr\u00fcfberichts<\/a> der Wagen muss bis sp\u00e4testens 25<\/strong><strong>. Januar 2026 eingereicht werden an:<\/strong><br><strong><a href=\"mailto:umzug@fasnachtbrugg.ch\">umzug@fasnachtbrugg.ch<\/a><br><strong><a href=\"https:\/\/www.ag.ch\/forms\/getForm?form=06154afe0b464150cc64f9bd0071a2c6&amp;mode=prod\" data-type=\"link\" data-id=\"https:\/\/www.ag.ch\/forms\/getForm?form=06154afe0b464150cc64f9bd0071a2c6&amp;mode=prod\">Pr\u00fcfbericht \u00fcber Betriebskontrolle f\u00fcr volkst\u00fcmliche Anl\u00e4sse des Motorfahrzeugs oder Anh\u00e4nger<\/a><\/strong><\/strong><\/p>\n\n\n\n<p>Auf dem Fahrzeug \/ Anh\u00e4nger muss ein Feuerl\u00f6scher griffbereit sein.<\/p>\n\n\n\n<p>Als Wurfmaterial werden nur handels\u00fcbliche Konfetti zugelassen. Andere Materialien wie Papierschnitzel, Federn, Hobelsp\u00e4ne, S\u00e4gemehl, usw. sind verboten! Abfall, Kartonschachteln usw. m\u00fcssen selber entsorgt werden. Sie d\u00fcrfen nicht am Strassenrand oder sonst wo hingestellt \/ entsorgt werden.<\/p>\n\n\n\n<p>Es d\u00fcrfen keine silbernen oder goldene Konfettis, keine Kanonen mit Plastik- oder Kunststoffschnitzel, keine Spaghetti-Sprays&nbsp; usw. verwendet werden.<\/p>\n\n\n\n<p>St\u00e4nde sowie Food Trucks und Beizen d\u00fcrfen nicht mit Konfetti oder sogar mit Konfettikanonen beworfen werden. (Hygienevorschrift)<\/p>\n\n\n\n<p>\u00dcberm\u00e4ssige Emissionen sind zu vermeiden. (Knall- und Sprengk\u00f6rper, Funkenregen \/ Rauchentwicklung, usw.) Keine Schusswaffen, Messer, S\u00e4bel, usw. \u00c4hnlich aussehende Gegenst\u00e4nde m\u00fcssen deutlich als <strong>Attrappen<\/strong> zu erkennen sein.<\/p>\n\n\n\n<p>Der Verkauf von Speisen und Getr\u00e4nken vor,- w\u00e4hrend,- und nach dem Umzug sind verboten!<\/p>\n\n\n\n<p>Es besteht kein Anrecht auf eine bestimmte Startnummer. Dies ist Sache der Organisatoren. <strong>Alle Gruppen erhalten eine finanzielle Entsch\u00e4digung<\/strong>.<\/p>\n\n\n\n<p>Es ist untersagt, f\u00fcr Firmen und Sponsoren Werbung zu t\u00e4tigen, oder Firmentafeln an den<br>Fahrzeugen zu montieren.<\/p>\n\n\n\n<p>Lautsprecher &amp; Musikanlagen m\u00fcssen die gesetzlichen Bestimmungen einhalten. (maximal 93 dbA)<\/p>\n\n\n\n<p>F\u00fcr Folgen aus Sachbesch\u00e4digung jeglicher Art \u00fcbernimmt \u201eFasnacht Brugg\u201c keine Haftung.<\/p>\n\n\n\n<p>Alle Teilnehmenden sind f\u00fcr die Versicherung selber verantwortlich.<\/p>\n\n\n\n<p>Es k\u00f6nnen Foto und Videoaufnahmen gemacht werden.<\/p>\n\n\n\n<p><strong><strong>Der Umzug startet 13.57 Uhr auf der Sch\u00f6negg Kreuzung.<\/strong><\/strong><\/p>\n\n\n\n<p>Gruppen erhalten eine finanzielle Entsch\u00e4digung.<\/p>\n","protected":false},"excerpt":{"rendered":"<p>Bevorzugt werden Gruppen\/Wagen die die Zuschauer in Ihre Aktivit\u00e4ten mit einbeziehen oder mit ihnen etwas produzieren und somit Bewegung in die Zuschauerreihen bringen. Bei den Guggen werden diejenigen bevorzugt die bereit sind vor und nach dem Umzug in der Stadt Brugg aufzutreten und zwischen 12.00 Uhr und 18.00 Uhr f\u00fcr Stimmung und Unterhaltung sorgen. (das [&hellip;]<\/p>\n","protected":false},"author":1,"featured_media":0,"parent":0,"menu_order":0,"comment_status":"closed","ping_status":"closed","template":"","meta":{"ngg_post_thumbnail":0,"footnotes":""},"class_list":["post-1050","page","type-page","status-publish","hentry"],"_links":{"self":[{"href":"https:\/\/fasnachtbrugg.ch\/fasnachtbrugg\/wp-json\/wp\/v2\/pages\/1050","targetHints":{"allow":["GET"]}}],"collection":[{"href":"https:\/\/fasnachtbrugg.ch\/fasnachtbrugg\/wp-json\/wp\/v2\/pages"}],"about":[{"href":"https:\/\/fasnachtbrugg.ch\/fasnachtbrugg\/wp-json\/wp\/v2\/types\/page"}],"author":[{"embeddable":true,"href":"https:\/\/fasnachtbrugg.ch\/fasnachtbrugg\/wp-json\/wp\/v2\/users\/1"}],"replies":[{"embeddable":true,"href":"https:\/\/fasnachtbrugg.ch\/fasnachtbrugg\/wp-json\/wp\/v2\/comments?post=1050"}],"version-history":[{"count":6,"href":"https:\/\/fasnachtbrugg.ch\/fasnachtbrugg\/wp-json\/wp\/v2\/pages\/1050\/revisions"}],"predecessor-version":[{"id":1218,"href":"https:\/\/fasnachtbrugg.ch\/fasnachtbrugg\/wp-json\/wp\/v2\/pages\/1050\/revisions\/1218"}],"wp:attachment":[{"href":"https:\/\/fasnachtbrugg.ch\/fasnachtbrugg\/wp-json\/wp\/v2\/media?parent=1050"}],"curies":[{"name":"wp","href":"https:\/\/api.w.org\/{rel}","templated":true}]}}

Bedingungen für die Teilnahme am Umzug in Brugg 2026

<p>Bevorzugt werden Gruppen/Wagen die die Zuschauer in Ihre Aktivitäten mit einbeziehen oder mit ihnen etwas produzieren und somit Bewegung in die Zuschauerreihen bringen.</p>



<p>Bei den Guggen werden diejenigen bevorzugt die bereit sind vor und nach dem Umzug in der Stadt Brugg aufzutreten und zwischen 12.00 Uhr und 18.00 Uhr für Stimmung und Unterhaltung sorgen. (das Städtchen mit Leben bereichern und somit akustisch und visuell bleibende Glanzpunkte setzen.)</p>



<p>Fahrzeuge / Wagen haben auf beiden Seiten Aufsichts-Begleitpersonen dabei, die <strong>nur</strong> für die Sicherheit zuständig sind. Das Auf- und Absteigen von Personen (beim Traktor) während der Fahrt ist verboten!!!!</p>



<p>Fahrzeugführer dürfen keinen Alkohol oder Drogen vor und während dem Umzug konsumieren.</p>



<p>Alle Termine betr. Anmeldung müssen eingehalten werden. Andernfalls behalten wir uns vor, die Teilnahme am Umzug in Brugg zu sistieren.</p>



<p class="has-background" style="background:linear-gradient(135deg,rgb(227,220,209) 0%,rgb(229,177,57) 100%)"><strong>Eine Kopie des <a href="https://www.ag.ch/app/aem/forms/getForm?form=4822cce1d3be9c99418d44bf35d3c9c4&amp;mode=prod">Prüfberichts</a> der Wagen muss bis spätestens 25</strong><strong>. Januar 2026 eingereicht werden an:</strong><br><strong><a href="mailto:umzug@fasnachtbrugg.ch">umzug@fasnachtbrugg.ch</a><br><strong><a href="https://www.ag.ch/forms/getForm?form=06154afe0b464150cc64f9bd0071a2c6&amp;mode=prod" data-type="link" data-id="https://www.ag.ch/forms/getForm?form=06154afe0b464150cc64f9bd0071a2c6&amp;mode=prod">Prüfbericht über Betriebskontrolle für volkstümliche Anlässe des Motorfahrzeugs oder Anhänger</a></strong></strong></p>



<p>Auf dem Fahrzeug / Anhänger muss ein Feuerlöscher griffbereit sein.</p>



<p>Als Wurfmaterial werden nur handelsübliche Konfetti zugelassen. Andere Materialien wie Papierschnitzel, Federn, Hobelspäne, Sägemehl, usw. sind verboten! Abfall, Kartonschachteln usw. müssen selber entsorgt werden. Sie dürfen nicht am Strassenrand oder sonst wo hingestellt / entsorgt werden.</p>



<p>Es dürfen keine silbernen oder goldene Konfettis, keine Kanonen mit Plastik- oder Kunststoffschnitzel, keine Spaghetti-Sprays&nbsp; usw. verwendet werden.</p>



<p>Stände sowie Food Trucks und Beizen dürfen nicht mit Konfetti oder sogar mit Konfettikanonen beworfen werden. (Hygienevorschrift)</p>



<p>Übermässige Emissionen sind zu vermeiden. (Knall- und Sprengkörper, Funkenregen / Rauchentwicklung, usw.) Keine Schusswaffen, Messer, Säbel, usw. Ähnlich aussehende Gegenstände müssen deutlich als <strong>Attrappen</strong> zu erkennen sein.</p>



<p>Der Verkauf von Speisen und Getränken vor,- während,- und nach dem Umzug sind verboten!</p>



<p>Es besteht kein Anrecht auf eine bestimmte Startnummer. Dies ist Sache der Organisatoren. <strong>Alle Gruppen erhalten eine finanzielle Entschädigung</strong>.</p>



<p>Es ist untersagt, für Firmen und Sponsoren Werbung zu tätigen, oder Firmentafeln an den<br>Fahrzeugen zu montieren.</p>



<p>Lautsprecher &amp; Musikanlagen müssen die gesetzlichen Bestimmungen einhalten. (maximal 93 dbA)</p>



<p>Für Folgen aus Sachbeschädigung jeglicher Art übernimmt „Fasnacht Brugg“ keine Haftung.</p>



<p>Alle Teilnehmenden sind für die Versicherung selber verantwortlich.</p>



<p>Es können Foto und Videoaufnahmen gemacht werden.</p>



<p><strong><strong>Der Umzug startet 13.57 Uhr auf der Schönegg Kreuzung.</strong></strong></p>



<p>Gruppen erhalten eine finanzielle Entschädigung.</p>

<p>Bevorzugt werden Gruppen/Wagen die die Zuschauer in Ihre Aktivitäten mit einbeziehen oder mit ihnen etwas produzieren und somit Bewegung in die Zuschauerreihen bringen. Bei den Guggen werden diejenigen bevorzugt die bereit sind vor und nach dem Umzug in der Stadt Brugg aufzutreten und zwischen 12.00 Uhr und 18.00 Uhr für Stimmung und Unterhaltung sorgen. (das [&hellip;]</p>
