{"id":2,"date":"2022-05-15T18:11:33","date_gmt":"2022-05-15T18:11:33","guid":{"rendered":"https:\/\/fasnachtbrugg.ch\/fasnachtbrugg\/?page_id=2"},"modified":"2022-05-15T19:32:51","modified_gmt":"2022-05-15T19:32:51","slug":"statuten","status":"publish","type":"page","link":"https:\/\/fasnachtbrugg.ch\/fasnachtbrugg\/statuten\/","title":{"rendered":"Statuten"},"content":{"rendered":"\n<p>Die Statuten sind bewusst kurz gehalten und auf das Minimum reduziert.<\/p>\n\n\n\n<p>Was im ZGB steht wird m\u00f6glichst nicht nochmals extra erw\u00e4hnt.<\/p>\n\n\n\n<p>Aus Gr\u00fcnden der Vereinfachung wird nur die m\u00e4nnliche Form ben\u00fctzt.<\/p>\n\n\n\n<hr class=\"wp-block-separator\"\/>\n\n\n\n<h1>Fasnacht Brugg &#8211; Statuten<\/h1>\n\n\n\n<hr class=\"wp-block-separator\"\/>\n\n\n\n<h4>1. Name und Sitz<\/h4>\n\n\n\n<p>Unter dem Namen &#8222;Fasnacht Brugg&#8220; besteht ein Verein im Sinne von Art. 60 ff. ZGB mit Sitz in Brugg. Er ist politisch und konfessionell neutral.<\/p>\n\n\n\n<h4>2. Zweck<\/h4>\n\n\n\n<p>Der Verein bezweckt die Organisation der Fasnacht in Brugg. Dazu geh\u00f6ren der Umzug und alles was dazu ben\u00f6tigt wird. Im Normalfall findet dieser am Sonntag nach Aschermittwoch statt. Weitere Anl\u00e4sse k\u00f6nnen, je nach Bedarf, zus\u00e4tzlich organisiert werden.<\/p>\n\n\n\n<h4>3. Mitglieder<\/h4>\n\n\n\n<p>Jede Person, die gewillt ist den Zweck des Vereins zu f\u00f6rdern, oder an der Fasnacht \/ Umzug unentgeltlich im Einsatz ist, kann als Mitglied aufgenommen werden.<\/p>\n\n\n\n<h4>4. Jahresbeitrag<\/h4>\n\n\n\n<p>Die Mitglieder bezahlen den von der Generalversammlung festgesetzten Jahresbeitrag.<\/p>\n\n\n\n<h4>5. Organisation<\/h4>\n\n\n\n<p>Die Organe des Vereins sind:<\/p>\n\n\n\n<p>a) die Generalversammlung<\/p>\n\n\n\n<p>b) der Vorstand<\/p>\n\n\n\n<p>c) der\/die Revisor(en)<\/p>\n\n\n\n<h4>6. Generalversammlung<\/h4>\n\n\n\n<p>Die Generalversammlung:<\/p>\n\n\n\n<ul class=\"wp-block-list\"><li>w\u00e4hlt den Vorstand, den Kassier, den\/die Revisor(en) (sofern eine Vakanz ansteht).<br>Der Vorstand besteht mindestens aus Pr\u00e4sident und Vizepr\u00e4sident<\/li><li>genehmigt die Jahresrechnung und erteilt D\u00e9charge<\/li><li>legt den Jahresbeitrag fest<\/li><li>w\u00e4hlt einen oder zwei Revisor(en)<\/li><\/ul>\n\n\n\n<h4>7. Sitzungen<\/h4>\n\n\n\n<p>Das OK kann Beisitzer zu ihren Sitzungen einladen.<\/p>\n\n\n\n<h4>8. Haftung<\/h4>\n\n\n\n<p>F\u00fcr die Verbindlichkeiten des Vereins haftet ausschliesslich dessen Verm\u00f6gen. Jede pers\u00f6nliche Haftung der Mitglieder ist ausgeschlossen.<\/p>\n\n\n\n<h4>9. Vereinsjahr<\/h4>\n\n\n\n<p>Das Vereinsjahr beginnt am 1. Mai und endet am 30. April.<\/p>\n\n\n\n<h4>10. Austritt<\/h4>\n\n\n\n<p>Die Mitgliedschaft erlischt durch Austritt aus dem Verein oder wenn kein Einsatz zugunsten der Fasnacht geleistet wurde.<\/p>\n\n\n\n<h4>11. Statuten<\/h4>\n\n\n\n<p>Statuten\u00e4nderungen k\u00f6nnen nur nach rechtzeitiger Ank\u00fcndigung an der Generalversammlung beschlossen werden. (minimum14 Tage)<\/p>\n\n\n\n<h4>12. Aufl\u00f6sung des Vereins<\/h4>\n\n\n\n<p>Eine Aufl\u00f6sung des Vereins kann nur an der Generalversammlung erfolgen. Ein entsprechender Antrag muss mindestens 14 Tage vorher jedem Mitglied zugestellt werden. Bei einer Aufl\u00f6sung des Vereins muss das Vereinsverm\u00f6gen an Institutionen oder Vereine in Brugg \u00fcberwiesen werden.<\/p>\n\n\n\n<hr class=\"wp-block-separator\"\/>\n\n\n\n<p>Diese Statuten wurden an der Generalversammlung vom 16.Mai 2022 genehmigt und treten sofort in Kraft. Sie ersetzen diejenigen vom 19.Mai 2016 sowie alle vorherigen Statuten und Nachtr\u00e4ge der Konfettispalter Brugg.<\/p>\n\n\n\n<hr class=\"wp-block-separator\"\/>\n\n\n\n<p>Brugg, 16.Mai 2022<\/p>\n\n\n\n<p class=\"has-text-align-right\">Fasnacht Brugg<\/p>\n","protected":false},"excerpt":{"rendered":"<p>Die Statuten sind bewusst kurz gehalten und auf das Minimum reduziert. Was im ZGB steht wird m\u00f6glichst nicht nochmals extra erw\u00e4hnt. Aus Gr\u00fcnden der Vereinfachung wird nur die m\u00e4nnliche Form ben\u00fctzt. Fasnacht Brugg &#8211; Statuten 1. Name und Sitz Unter dem Namen &#8222;Fasnacht Brugg&#8220; besteht ein Verein im Sinne von Art. 60 ff. ZGB mit [&hellip;]<\/p>\n","protected":false},"author":1,"featured_media":0,"parent":0,"menu_order":0,"comment_status":"closed","ping_status":"open","template":"","meta":{"ngg_post_thumbnail":0,"footnotes":""},"class_list":["post-2","page","type-page","status-publish","hentry"],"_links":{"self":[{"href":"https:\/\/fasnachtbrugg.ch\/fasnachtbrugg\/wp-json\/wp\/v2\/pages\/2","targetHints":{"allow":["GET"]}}],"collection":[{"href":"https:\/\/fasnachtbrugg.ch\/fasnachtbrugg\/wp-json\/wp\/v2\/pages"}],"about":[{"href":"https:\/\/fasnachtbrugg.ch\/fasnachtbrugg\/wp-json\/wp\/v2\/types\/page"}],"author":[{"embeddable":true,"href":"https:\/\/fasnachtbrugg.ch\/fasnachtbrugg\/wp-json\/wp\/v2\/users\/1"}],"replies":[{"embeddable":true,"href":"https:\/\/fasnachtbrugg.ch\/fasnachtbrugg\/wp-json\/wp\/v2\/comments?post=2"}],"version-history":[{"count":22,"href":"https:\/\/fasnachtbrugg.ch\/fasnachtbrugg\/wp-json\/wp\/v2\/pages\/2\/revisions"}],"predecessor-version":[{"id":40,"href":"https:\/\/fasnachtbrugg.ch\/fasnachtbrugg\/wp-json\/wp\/v2\/pages\/2\/revisions\/40"}],"wp:attachment":[{"href":"https:\/\/fasnachtbrugg.ch\/fasnachtbrugg\/wp-json\/wp\/v2\/media?parent=2"}],"curies":[{"name":"wp","href":"https:\/\/api.w.org\/{rel}","templated":true}]}}

<p>Die Statuten sind bewusst kurz gehalten und auf das Minimum reduziert.</p>



<p>Was im ZGB steht wird möglichst nicht nochmals extra erwähnt.</p>



<p>Aus Gründen der Vereinfachung wird nur die männliche Form benützt.</p>



<hr class="wp-block-separator"/>



<h1>Fasnacht Brugg &#8211; Statuten</h1>



<hr class="wp-block-separator"/>



<h4>1. Name und Sitz</h4>



<p>Unter dem Namen &#8222;Fasnacht Brugg&#8220; besteht ein Verein im Sinne von Art. 60 ff. ZGB mit Sitz in Brugg. Er ist politisch und konfessionell neutral.</p>



<h4>2. Zweck</h4>



<p>Der Verein bezweckt die Organisation der Fasnacht in Brugg. Dazu gehören der Umzug und alles was dazu benötigt wird. Im Normalfall findet dieser am Sonntag nach Aschermittwoch statt. Weitere Anlässe können, je nach Bedarf, zusätzlich organisiert werden.</p>



<h4>3. Mitglieder</h4>



<p>Jede Person, die gewillt ist den Zweck des Vereins zu fördern, oder an der Fasnacht / Umzug unentgeltlich im Einsatz ist, kann als Mitglied aufgenommen werden.</p>



<h4>4. Jahresbeitrag</h4>



<p>Die Mitglieder bezahlen den von der Generalversammlung festgesetzten Jahresbeitrag.</p>



<h4>5. Organisation</h4>



<p>Die Organe des Vereins sind:</p>



<p>a) die Generalversammlung</p>



<p>b) der Vorstand</p>



<p>c) der/die Revisor(en)</p>



<h4>6. Generalversammlung</h4>



<p>Die Generalversammlung:</p>



<ul class="wp-block-list"><li>wählt den Vorstand, den Kassier, den/die Revisor(en) (sofern eine Vakanz ansteht).<br>Der Vorstand besteht mindestens aus Präsident und Vizepräsident</li><li>genehmigt die Jahresrechnung und erteilt Décharge</li><li>legt den Jahresbeitrag fest</li><li>wählt einen oder zwei Revisor(en)</li></ul>



<h4>7. Sitzungen</h4>



<p>Das OK kann Beisitzer zu ihren Sitzungen einladen.</p>



<h4>8. Haftung</h4>



<p>Für die Verbindlichkeiten des Vereins haftet ausschliesslich dessen Vermögen. Jede persönliche Haftung der Mitglieder ist ausgeschlossen.</p>



<h4>9. Vereinsjahr</h4>



<p>Das Vereinsjahr beginnt am 1. Mai und endet am 30. April.</p>



<h4>10. Austritt</h4>



<p>Die Mitgliedschaft erlischt durch Austritt aus dem Verein oder wenn kein Einsatz zugunsten der Fasnacht geleistet wurde.</p>



<h4>11. Statuten</h4>



<p>Statutenänderungen können nur nach rechtzeitiger Ankündigung an der Generalversammlung beschlossen werden. (minimum14 Tage)</p>



<h4>12. Auflösung des Vereins</h4>



<p>Eine Auflösung des Vereins kann nur an der Generalversammlung erfolgen. Ein entsprechender Antrag muss mindestens 14 Tage vorher jedem Mitglied zugestellt werden. Bei einer Auflösung des Vereins muss das Vereinsvermögen an Institutionen oder Vereine in Brugg überwiesen werden.</p>



<hr class="wp-block-separator"/>



<p>Diese Statuten wurden an der Generalversammlung vom 16.Mai 2022 genehmigt und treten sofort in Kraft. Sie ersetzen diejenigen vom 19.Mai 2016 sowie alle vorherigen Statuten und Nachträge der Konfettispalter Brugg.</p>



<hr class="wp-block-separator"/>



<p>Brugg, 16.Mai 2022</p>



<p class="has-text-align-right">Fasnacht Brugg</p>

<p>Die Statuten sind bewusst kurz gehalten und auf das Minimum reduziert. Was im ZGB steht wird möglichst nicht nochmals extra erwähnt. Aus Gründen der Vereinfachung wird nur die männliche Form benützt. Fasnacht Brugg &#8211; Statuten 1. Name und Sitz Unter dem Namen &#8222;Fasnacht Brugg&#8220; besteht ein Verein im Sinne von Art. 60 ff. ZGB mit [&hellip;]</p>
