{"id":352,"date":"2023-01-29T22:50:25","date_gmt":"2023-01-29T22:50:25","guid":{"rendered":"https:\/\/fasnachtbrugg.ch\/fasnachtbrugg\/?page_id=352"},"modified":"2023-02-15T19:28:33","modified_gmt":"2023-02-15T19:28:33","slug":"programm-2023","status":"publish","type":"page","link":"https:\/\/fasnachtbrugg.ch\/fasnachtbrugg\/programm-2023\/","title":{"rendered":"Programm 2023"},"content":{"rendered":"\n<h3 class=\"wp-block-heading\">Freitag<\/h3>\n\n\n\n<p>Freitag, 24. Februar 2023 ab 18:00 Uhr: Rr\u00e4tz Keller (S&#8217;Lat\u00e4rnli)<\/p>\n\n\n\n<p>Freitag, 24. Februar 2023 ab 18:30 Uhr: Salzhaus-Fasnacht Brugg 2023<br>Fasnachtser\u00f6ffnung \/ Salzhausguggete bis 02:00 Uhr<\/p>\n\n\n\n<h3 class=\"wp-block-heading\">Samstag<\/h3>\n\n\n\n<p>Samstag, 25. Februar 2023 ab 13:00 Uhr: Kindermaskenball im Salzhaus<br>Nummernausgabe bis 13:30 Uhr<\/p>\n\n\n\n<p>Samstag, 25. Samstag 2023 ab 13:30 Uhr: Rr\u00e4tz Keller (S&#8217;Lat\u00e4rnli)<\/p>\n\n\n\n<h3 class=\"wp-block-heading\">Sonntag<\/h3>\n\n\n\n<p>Sonntag, 26. Februar 2023 ab 12:00 Uhr: Guggenkonzerte \/ St\u00e4nde und Beizli<\/p>\n\n\n\n<p class=\"has-black-color has-text-color\"><strong>Sonntag, 26. Februar 2023 ab 13:57 Uhr: Fasnachtsumzug Brugg<\/strong><\/p>\n\n\n\n<p>Sonntag, 26. Februar 2023 ab 14:00 Uhr: Festwirtschaft mit Guggenmusik bis 22:00 Uhr im Salzhaus<\/p>\n\n\n\n<p>Sonntag, 26. Februar 2023 nach dem Umzug: Rr\u00e4tz Keller (S&#8217;Lat\u00e4rnli)<\/p>\n","protected":false},"excerpt":{"rendered":"<p>Freitag Freitag, 24. Februar 2023 ab 18:00 Uhr: Rr\u00e4tz Keller (S&#8217;Lat\u00e4rnli) Freitag, 24. Februar 2023 ab 18:30 Uhr: Salzhaus-Fasnacht Brugg 2023Fasnachtser\u00f6ffnung \/ Salzhausguggete bis 02:00 Uhr Samstag Samstag, 25. Februar 2023 ab 13:00 Uhr: Kindermaskenball im SalzhausNummernausgabe bis 13:30 Uhr Samstag, 25. Samstag 2023 ab 13:30 Uhr: Rr\u00e4tz Keller (S&#8217;Lat\u00e4rnli) Sonntag Sonntag, 26. Februar 2023 [&hellip;]<\/p>\n","protected":false},"author":1,"featured_media":0,"parent":0,"menu_order":0,"comment_status":"closed","ping_status":"closed","template":"","meta":{"ngg_post_thumbnail":0,"footnotes":""},"class_list":["post-352","page","type-page","status-publish","hentry"],"_links":{"self":[{"href":"https:\/\/fasnachtbrugg.ch\/fasnachtbrugg\/wp-json\/wp\/v2\/pages\/352","targetHints":{"allow":["GET"]}}],"collection":[{"href":"https:\/\/fasnachtbrugg.ch\/fasnachtbrugg\/wp-json\/wp\/v2\/pages"}],"about":[{"href":"https:\/\/fasnachtbrugg.ch\/fasnachtbrugg\/wp-json\/wp\/v2\/types\/page"}],"author":[{"embeddable":true,"href":"https:\/\/fasnachtbrugg.ch\/fasnachtbrugg\/wp-json\/wp\/v2\/users\/1"}],"replies":[{"embeddable":true,"href":"https:\/\/fasnachtbrugg.ch\/fasnachtbrugg\/wp-json\/wp\/v2\/comments?post=352"}],"version-history":[{"count":13,"href":"https:\/\/fasnachtbrugg.ch\/fasnachtbrugg\/wp-json\/wp\/v2\/pages\/352\/revisions"}],"predecessor-version":[{"id":436,"href":"https:\/\/fasnachtbrugg.ch\/fasnachtbrugg\/wp-json\/wp\/v2\/pages\/352\/revisions\/436"}],"wp:attachment":[{"href":"https:\/\/fasnachtbrugg.ch\/fasnachtbrugg\/wp-json\/wp\/v2\/media?parent=352"}],"curies":[{"name":"wp","href":"https:\/\/api.w.org\/{rel}","templated":true}]}}

<h3 class="wp-block-heading">Freitag</h3>



<p>Freitag, 24. Februar 2023 ab 18:00 Uhr: Rrätz Keller (S&#8217;Latärnli)</p>



<p>Freitag, 24. Februar 2023 ab 18:30 Uhr: Salzhaus-Fasnacht Brugg 2023<br>Fasnachtseröffnung / Salzhausguggete bis 02:00 Uhr</p>



<h3 class="wp-block-heading">Samstag</h3>



<p>Samstag, 25. Februar 2023 ab 13:00 Uhr: Kindermaskenball im Salzhaus<br>Nummernausgabe bis 13:30 Uhr</p>



<p>Samstag, 25. Samstag 2023 ab 13:30 Uhr: Rrätz Keller (S&#8217;Latärnli)</p>



<h3 class="wp-block-heading">Sonntag</h3>



<p>Sonntag, 26. Februar 2023 ab 12:00 Uhr: Guggenkonzerte / Stände und Beizli</p>



<p class="has-black-color has-text-color"><strong>Sonntag, 26. Februar 2023 ab 13:57 Uhr: Fasnachtsumzug Brugg</strong></p>



<p>Sonntag, 26. Februar 2023 ab 14:00 Uhr: Festwirtschaft mit Guggenmusik bis 22:00 Uhr im Salzhaus</p>



<p>Sonntag, 26. Februar 2023 nach dem Umzug: Rrätz Keller (S&#8217;Latärnli)</p>

<p>Freitag Freitag, 24. Februar 2023 ab 18:00 Uhr: Rrätz Keller (S&#8217;Latärnli) Freitag, 24. Februar 2023 ab 18:30 Uhr: Salzhaus-Fasnacht Brugg 2023Fasnachtseröffnung / Salzhausguggete bis 02:00 Uhr Samstag Samstag, 25. Februar 2023 ab 13:00 Uhr: Kindermaskenball im SalzhausNummernausgabe bis 13:30 Uhr Samstag, 25. Samstag 2023 ab 13:30 Uhr: Rrätz Keller (S&#8217;Latärnli) Sonntag Sonntag, 26. Februar 2023 [&hellip;]</p>
