{"id":942,"date":"2025-02-16T09:01:46","date_gmt":"2025-02-16T09:01:46","guid":{"rendered":"https:\/\/fasnachtbrugg.ch\/fasnachtbrugg\/?page_id=942"},"modified":"2025-02-16T09:27:33","modified_gmt":"2025-02-16T09:27:33","slug":"programm-2025","status":"publish","type":"page","link":"https:\/\/fasnachtbrugg.ch\/fasnachtbrugg\/programm-2025\/","title":{"rendered":"Programm 2025"},"content":{"rendered":"\n<h3 class=\"wp-block-heading\">Freitag<\/h3>\n\n\n\n<p>Freitag, 7. M\u00e4rz 2025 ab 19:00 Uhr: Rr\u00e4tz Keller (S&#8217;Lat\u00e4rnli, Annerstrasse 9)<\/p>\n\n\n\n<p>Freitag, 7. M\u00e4rz 2025 ab 19:00 Uhr: Fasnachtser\u00f6ffnung &amp; Salzhausguggete<br>Der Auftakt mit geballter Guggen-Power!<br>Im Salzhaus (Schulthess-Allee) bis 02:00 Uhr<\/p>\n\n\n\n<h3 class=\"wp-block-heading\">Samstag<\/h3>\n\n\n\n<p>Samstag, 8. M\u00e4rz 2025 ab 13:00 Uhr: Kinderfasnacht \u2013 Spiel, Spa\u00df und Musik mit unserem Fasnachts-DJ!<br>Im Salzhaus, Schulthess-Allee<br>Nummernausgabe bis 13:30 Uhr<\/p>\n\n\n\n<p>Samstag, 8. M\u00e4rz 2025 ab 13:30 Uhr: Rr\u00e4tz Keller (S&#8217;Lat\u00e4rnli, Annerstrasse 9)<\/p>\n\n\n\n<h3 class=\"wp-block-heading\">Sonntag<\/h3>\n\n\n\n<p>Sonntag, 9. M\u00e4rz 2025 ab 12:00 Uhr: Guggenkonzerte \/ St\u00e4nde und Beizli \/ G\u00f6nner Ap\u00e9ro<\/p>\n\n\n\n<p class=\"has-black-color has-text-color\"><strong>Sonntag, 9. M\u00e4rz 2025 ab 13:57 Uhr: Fasnachtsumzug Brugg<\/strong> &#8211; <a href=\"https:\/\/fasnachtbrugg.ch\/fasnachtbrugg\/umzugsprogramm-2025\/\">Umzugsprogramm 2025<\/a><\/p>\n\n\n\n<p>Sonntag, 9. M\u00e4rz 2025 nach dem Umzug Fasnachtsausklang: Festwirtschaft mit Guggenmusik bis 21:00 Uhr im Salzhaus, Schulthess-Allee<\/p>\n\n\n\n<p>Sonntag, 9. M\u00e4rz 2025  nach dem Umzug: Rr\u00e4tz Keller (S&#8217;Lat\u00e4rnli, Annerstrasse 9)<\/p>\n","protected":false},"excerpt":{"rendered":"<p>Freitag Freitag, 7. M\u00e4rz 2025 ab 19:00 Uhr: Rr\u00e4tz Keller (S&#8217;Lat\u00e4rnli, Annerstrasse 9) Freitag, 7. M\u00e4rz 2025 ab 19:00 Uhr: Fasnachtser\u00f6ffnung &amp; SalzhausguggeteDer Auftakt mit geballter Guggen-Power!Im Salzhaus (Schulthess-Allee) bis 02:00 Uhr Samstag Samstag, 8. M\u00e4rz 2025 ab 13:00 Uhr: Kinderfasnacht \u2013 Spiel, Spa\u00df und Musik mit unserem Fasnachts-DJ!Im Salzhaus, Schulthess-AlleeNummernausgabe bis 13:30 Uhr Samstag, [&hellip;]<\/p>\n","protected":false},"author":1,"featured_media":0,"parent":0,"menu_order":0,"comment_status":"closed","ping_status":"closed","template":"","meta":{"ngg_post_thumbnail":0,"footnotes":""},"class_list":["post-942","page","type-page","status-publish","hentry"],"_links":{"self":[{"href":"https:\/\/fasnachtbrugg.ch\/fasnachtbrugg\/wp-json\/wp\/v2\/pages\/942","targetHints":{"allow":["GET"]}}],"collection":[{"href":"https:\/\/fasnachtbrugg.ch\/fasnachtbrugg\/wp-json\/wp\/v2\/pages"}],"about":[{"href":"https:\/\/fasnachtbrugg.ch\/fasnachtbrugg\/wp-json\/wp\/v2\/types\/page"}],"author":[{"embeddable":true,"href":"https:\/\/fasnachtbrugg.ch\/fasnachtbrugg\/wp-json\/wp\/v2\/users\/1"}],"replies":[{"embeddable":true,"href":"https:\/\/fasnachtbrugg.ch\/fasnachtbrugg\/wp-json\/wp\/v2\/comments?post=942"}],"version-history":[{"count":7,"href":"https:\/\/fasnachtbrugg.ch\/fasnachtbrugg\/wp-json\/wp\/v2\/pages\/942\/revisions"}],"predecessor-version":[{"id":967,"href":"https:\/\/fasnachtbrugg.ch\/fasnachtbrugg\/wp-json\/wp\/v2\/pages\/942\/revisions\/967"}],"wp:attachment":[{"href":"https:\/\/fasnachtbrugg.ch\/fasnachtbrugg\/wp-json\/wp\/v2\/media?parent=942"}],"curies":[{"name":"wp","href":"https:\/\/api.w.org\/{rel}","templated":true}]}}